True
Is 5191959667 composite?
False
Is 33702593 prime?
False
Is 15099143441 a prime number?
False
Is 1823104709 a prime number?
True
Is 8688282647 a prime number?
False
Is 38318240053 composite?
True
Is 5868230647 a prime number?
True
Is 135793433849 a composite number?
False
Is 518382379 composite?
True
Is 2922467039 composite?
False
Is 2696213185 composite?
True
Is 16354429941 composite?
True
Is 790360619 a prime number?
True
Is 1735162463 a composite number?
True
Is 139753656359 a composite number?
False
Is 135675527377 composite?
True
Is 397339687 prime?
True
Is 164877311 a composite number?
False
Is 8489384845 a composite number?
True
Is 319720013 a prime number?
False
Is 87659401901 a composite number?
False
Is 30476394911 a composite number?
False
Is 14949616823 prime?
True
Is 9172404569 prime?
False
Is 1186177579 a composite number?
False
Is 21988379 a composite number?
True
Is 6164757553 a prime number?
False
Is 47433749411 a composite number?
False
Is 1200218897 a prime number?
False
Is 87722213 prime?
True
Is 711857351 prime?
False
Is 1936986913 prime?
True
Is 10557359 prime?
True
Is 5065002161 prime?
True
Is 331788981 a prime number?
False
Is 19299857849 prime?
True
Is 32625238889 a composite number?
False
Is 5006335043 a composite number?
True
Is 111169156991 prime?
True
Is 749775203 a prime number?
True
Is 16905712633 a composite number?
False
Is 526734589 prime?
False
Is 237340157 prime?
False
Is 340031687 prime?
True
Is 2848006669 a composite number?
False
Is 35104076093 a prime number?
True
Is 8260912339 composite?
False
Is 90586648951 a prime number?
True
Is 19771444543 a prime number?
True
Is 34806227 a composite number?
False
Is 6697481207 composite?
True
Is 3452340974 prime?
False
Is 4778223419 a prime number?
False
Is 122272644769 a prime number?
False
Is 7899290093 composite?
True
Is 4151929273 a composite number?
False
Is 96501491569 composite?
True
Is 2023898657 a prime number?
False
Is 9165146183 prime?
True
Is 94782774547 composite?
True
Is 2044470731 a composite number?
False
Is 273974567 prime?
False
Is 3374872441 a prime number?
True
Is 20822480681 prime?
False
Is 135122665 prime?
False
Is 1147106047 composite?
False
Is 165823129 a prime number?
True
Is 3612366473 a composite number?
True
Is 2001184681 a prime number?
True
Is 2842305517 a prime number?
False
Is 58310799661 prime?
True
Is 1027228567 prime?
True
Is 505601687 a prime number?
True
Is 5625326569 composite?
True
Is 18980877193 a prime number?
True
Is 38494725349 prime?
False
Is 22761094091 composite?
False
Is 2314612843 a prime number?
False
Is 61310461 composite?
False
Is 894747257 prime?
True
Is 61473812957 composite?
False
Is 37413221113 a prime number?
True
Is 4487089615 composite?
True
Is 2321483573 a prime number?
False
Is 4597315403 a prime number?
True
Is 1038229345 prime?
False
Is 3918603913 composite?
True
Is 341082727 a prime number?
True
Is 276601229 prime?
True
Is 9725367031 a composite number?
False
Is 460080209 a composite number?
False
Is 17399663 a prime number?
False
Is 16219422253 a prime number?
True
Is 204084851 a prime number?
True
Is 173589337 composite?
True
Is 2333128333 prime?
False
Is 521022247 a prime number?
True
Is 938651551 prime?
False
Is 43346303582 composite?
True
Is 1952962157 composite?
True
Is 744252037 prime?
True
Is 1002505601 a prime number?
True
Is 8945538827 a prime number?
False
Is 861449411 prime?
False
Is 1025659841 a prime number?
True
Is 3769684183 a prime number?
True
Is 3130893871 composite?
True
Is 14272806539 composite?
False
Is 86454273937 prime?
True
Is 1821472277 composite?
True
Is 5852083019 a composite number?
True
Is 14557969123 composite?
True
Is 975678029 a composite number?
True
Is 1002612721 a prime number?
False
Is 219407256307 composite?
True
Is 5970372263 a prime number?
True
Is 80351733031 composite?
True
Is 4217428429 a prime number?
False
Is 110415042649 a prime number?
False
Is 13900905493 a composite number?
True
Is 161053330483 a prime number?
True
Is 5067004799 composite?
False
Is 231985939 a composite number?
True
Is 35973701 a composite number?
False
Is 20174892281 a composite number?
True
Is 190717073 composite?
False
Is 101776351811 a prime number?
True
Is 24141145013 a prime number?
False
Is 4798542907 prime?
True
Is 44107008401 a prime number?
True
Is 74707953919 prime?
True
Is 5758104347 a composite number?
False
Is 215706389 composite?
True
Is 11693087839 prime?
True
Is 384104263 prime?
False
Is 2849423039 a prime number?
True
Is 13248608731 a composite number?
False
Is 253438741 a composite number?
False
Is 599441 a composite number?
True
Is 5950227893 a prime number?
True
Is 41369389267 a composite number?
False
Is 938492053 prime?
True
Is 3371610217 a prime number?
True
Is 12098862197 composite?
False
Is 338339849 a composite number?
True
Is 35775352183 composite?
False
Is 6850206469 a composite number?
True
Is 6568423801 composite?
False
Is 687767311093 composite?
False
Is 4128861683 composite?
True
Is 18404509433 a prime number?
True
Is 737645578 a composite number?
True
Is 18734182301 a prime number?
True
Is 4964221133 a prime number?
True
Is 238180259 a composite number?
False
Is 2160168469 composite?
False
Is 81235369 a prime number?
True
Is 94922541683 prime?
True
Is 10616123381 prime?
False
Is 1622059651 composite?
False
Is 1692686519 composite?
True
Is 917985997 a prime number?
True
Is 63756449597 prime?
True
Is 797972183 a composite number?
False
Is 89418942791 composite?
False
Is 586082743 composite?
False
Is 734796697 a prime number?
True
Is 4505777719 composite?
True
Is 223647587 a composite number?
True
Is 22338090961 a composite number?
True
Is 4243892419 prime?
False
Is 4350538379 a prime number?
False
Is 13238890831 a composite number?
False
Is 188802203 a prime number?
True
Is 34939693771 prime?
True
Is 6870446627 a composite number?
True
Is 20604347 a prime number?
True
Is 91303081 a prime number?
True
Is 10759117387 a prime number?
True
Is 3756006347 a composite number?
False
Is 19880710469 prime?
False
Is 38853977 prime?
True
Is 13747462159 a composite number?
False
Is 346731491 composite?
False
Is 1380917487 a composite number?
True
Is 16275914587 a composite number?
False
Is 1504651465 prime?
False
Is 6687639239 a prime number?
True
Is 1337725681 prime?
True
Is 24306343 composite?
False
Is 17050829573 composite?
True
Is 709818389 prime?
False
Is 4816801057 prime?
True
Is 24236018293 prime?
False
Is 1838952131 a prime number?
False
Is 317316227 composite?
False
Is 2615250199 a composite number?
True
Is 15780769211 prime?
True
Is 498765109 composite?
True
Is 19305941201 a composite number?
False
Is 2087871893 a composite number?
True
Is 1029328859 a composite number?
True
Is 130904814611 a prime number?
True
Is 69463315 prime?
False
Is 42788755459 a prime number?
False
Is 175114981 composite?
False
Is 2315119841 prime?
True
Is 1156372289 a prime number?
False
Is 3468469269 composite?
True
Is 154637534957 composite?
False
Is 141357259 composite?
False
Is 15270357889 prime?
True
Is 12591733611 a composite number?
True
Is 378617779 a prime number?
True
Is 19417971439 a prime number?
False
Is 49004355721 a composite number?
False
Is 55203342211 a composite number?
True
Is 64595467 composite?
False
Is 115127537831 a prime number?
False
Is 103873733345 a prime number?
False
Is 59390642303 a prime number?
False
Is 3427285363 a prime number?
False
Is 222251833 a prime number?
True
Is 55015551649 prime?
False
Is 666992609 composite?
False
Is 29002002685 composite?
True
Is 1111279889 prime?
False
Is 548108189 a prime number?
False
Is 725464849 a composite number?
True
Is 953391797 prime?
False
Is 153124561 composite?
False
Is 524718581 composite?
True
Is 47118241661 a prime number?
False
Is 1762763606 a composite number?
True
Is 752563943 composite?
False
Is 16100627 prime?
False
Is 40935236311 a composite number?
False
Is 572074879 a composite number?
False
Is 38551140469 composite?
False
Is 394209287 composite?
False
Is 72676741073 a prime number?
False
Is 131788753 composite?
True
Is 13625302381 prime?
False
Is 878300623 a prime number?
True
Is 378967499 prime?
False
Is 8880687199 a composite number?
False
Is 205256431 composite?
True
Is 39929614873 prime